er?
False
Is 1242590045 a composite number?
True
Is 5173771 prime?
False
Is 8840551 prime?
True
Is 24642089 a prime number?
True
Is 70684403 prime?
False
Is 2818103 prime?
True
Is 1347937 a prime number?
True
Is 173083621 composite?
False
Is 28838039 prime?
True
Is 2379493 a composite number?
False
Is 15193339 a prime number?
False
Is 136061 a composite number?
True
Is 29398463 a composite number?
False
Is 275627 a prime number?
False
Is 29941387 composite?
True
Is 11030117 a composite number?
True
Is 136446119 prime?
True
Is 9342037 composite?
False
Is 29173299 prime?
False
Is 3577699 a prime number?
True
Is 38822513 a composite number?
True
Is 3262979 a prime number?
False
Is 14835783 composite?
True
Is 760573 a composite number?
True
Is 26984203 a prime number?
True
Is 6849641 composite?
True
Is 50292535 prime?
False
Is 2937899 prime?
False
Is 1775471 a composite number?
False
Is 1135463 a prime number?
False
Is 1029229 a composite number?
True
Is 134033 composite?
False
Is 347087077 composite?
False
Is 1719271 composite?
False
Is 19124591 a composite number?
False
Is 191934817 composite?
True
Is 112795057 composite?
False
Is 698521 a composite number?
False
Is 39185717 a composite number?
False
Is 38314343 a prime number?
False
Is 18995429 composite?
True
Is 10293589 a prime number?
True
Is 22459771 a prime number?
False
Is 66202469 a composite number?
False
Is 1088743 a prime number?
False
Is 605490205 prime?
False
Is 358601 composite?
False
Is 197171878 a composite number?
True
Is 81033181 a prime number?
True
Is 7320941 prime?
True
Is 42939313 composite?
False
Is 875297 a prime number?
True
Is 71127883 a prime number?
True
Is 2466263 prime?
True
Is 26041523 a composite number?
False
Is 35775031 a composite number?
False
Is 5316043 composite?
True
Is 2666231 a prime number?
False
Is 5164529 a composite number?
True
Is 59831159 a composite number?
True
Is 697549805 prime?
False
Is 49161799 composite?
False
Is 3459418 prime?
False
Is 2313427 a composite number?
False
Is 6284347 a prime number?
True
Is 23183791 a prime number?
True
Is 44093033 composite?
False
Is 299315501 a composite number?
True
Is 17663979 a composite number?
True
Is 93137 a composite number?
True
Is 36294697 prime?
True
Is 292706549 a composite number?
True
Is 33827449 prime?
True
Is 20847133 a composite number?
False
Is 185962061 a composite number?
True
Is 6699983 a composite number?
True
Is 886909 composite?
False
Is 3686237 prime?
True
Is 3405221 prime?
False
Is 37443073 composite?
False
Is 596697 prime?
False
Is 111700807 composite?
False
Is 99672637 a composite number?
True
Is 3419137 a prime number?
False
Is 10711501 prime?
True
Is 174358 a composite number?
True
Is 154785869 composite?
True
Is 2134529 a composite number?
False
Is 343278959 composite?
True
Is 2623057 a prime number?
False
Is 2550211 composite?
True
Is 2323435 a prime number?
False
Is 72455671 a prime number?
True
Is 12372473 a prime number?
False
Is 11410829 a composite number?
True
Is 13196837 prime?
True
Is 7871909 a prime number?
False
Is 130139 composite?
True
Is 8679137 composite?
False
Is 40686411 composite?
True
Is 3441889 prime?
False
Is 21482353 prime?
True
Is 242221453 a prime number?
False
Is 985631 prime?
True
Is 39236107 a composite number?
False
Is 2296732153 prime?
True
Is 3337991 composite?
False
Is 3765779 a composite number?
False
Is 4290133 a composite number?
False
Is 24972715 prime?
False
Is 13853341 composite?
False
Is 2082463 prime?
True
Is 29833379 a prime number?
True
Is 245734859 prime?
True
Is 10903521 prime?
False
Is 7344157 a composite number?
True
Is 46134703 prime?
True
Is 3368297 composite?
False
Is 378724979 a composite number?
False
Is 1068923 a prime number?
False
Is 2737782889 a prime number?
True
Is 1997969 a prime number?
True
Is 2204359 composite?
True
Is 20882179 composite?
False
Is 9375529 a prime number?
True
Is 34213687 prime?
False
Is 13197953 a composite number?
False
Is 55744735 a composite number?
True
Is 5222687 a prime number?
False
Is 104337437 a composite number?
True
Is 13029461 composite?
True
Is 81899 prime?
True
Is 150223839 prime?
False
Is 10066461 prime?
False
Is 1587203 composite?
True
Is 500572489 a composite number?
False
Is 5715953 a prime number?
False
Is 131467615 a composite number?
True
Is 246647231 composite?
False
Is 14375899 a prime number?
True
Is 18697067 composite?
True
Is 4704097 prime?
True
Is 19315739 a composite number?
True
Is 490601 a composite number?
True
Is 204134041 prime?
False
Is 103791631 a prime number?
True
Is 3198457 a prime number?
False
Is 5619637 prime?
True
Is 15501803 a composite number?
False
Is 929239 a composite number?
False
Is 1788827 a composite number?
False
Is 31443581 a prime number?
False
Is 59029289 composite?
True
Is 534913 composite?
False
Is 7951807 a prime number?
True
Is 763457 prime?
True
Is 31194853 composite?
False
Is 42378353 a composite number?
False
Is 230580251 prime?
False
Is 4043659 prime?
False
Is 12367939 composite?
True
Is 22732865 a prime number?
False
Is 502176613 a prime number?
True
Is 163369 prime?
False
Is 157972294 a prime number?
False
Is 142709137 prime?
True
Is 66382969 a composite number?
False
Is 38199881 a composite number?
False
Is 10862843 a prime number?
False
Is 30764261 prime?
False
Is 370661 prime?
True
Is 82370497 a prime number?
False
Is 1733267 prime?
True
Is 25659983 a prime number?
False
Is 30023999 prime?
True
Is 270287 a composite number?
False
Is 14601211 prime?
False
Is 13582787 composite?
True
Is 77537 a prime number?
False
Is 1734781 composite?
True
Is 23480155 a prime number?
False
Is 1086711 composite?
True
Is 1343437 composite?
True
Is 2446127 a composite number?
True
Is 826198309 composite?
True
Is 15768541 composite?
False
Is 4075171 a composite number?
False
Is 290393627 a composite number?
True
Is 297956811 a prime number?
False
Is 1205081 a composite number?
False
Is 17658859 composite?
True
Is 3790759 a composite number?
True
Is 387867743 a prime number?
False
Is 66073153 prime?
True
Is 13152143 a composite number?
True
Is 116057 a composite number?
True
Is 123216019 a prime number?
False
Is 34897199 composite?
False
Is 930149 prime?
False
Is 1238536759 a composite number?
False
Is 15429397 a prime number?
False
Is 466673 a composite number?
False
Is 3092401 prime?
False
Is 3325121 prime?
True
Is 1172967 a composite number?
True
Is 148654111 a composite number?
False
Is 6587261 a composite number?
False
Is 1381067 composite?
True
Is 8267563 a prime number?
False
Is 12172789 prime?
True
Is 8267 prime?
False
Is 60381691 prime?
True
Is 182893 composite?
False
Is 13074793 composite?
True
Is 1962481 composite?
True
Is 7254721 composite?
True
Is 10311221 a composite number?
False
Is 488687 a composite number?
False
Is 130002979 a prime number?
False
Is 6316553 a prime number?
True
Is 3095795 a prime number?
False
Is 9664243 prime?
False
Is 4004137 composite?
False
Is 421205879 a composite number?
False
Is 3199673 composite?
True
Is 276079399 composite?
False
Is 11970181 a prime number?
True
Is 192676837 composite?
True
Is 2594209 composite?
False
Is 27440563 a prime number?
True
Is 177658669 prime?
False
Is 20038409 prime?
False
Is 3993217 a prime number?
True
Is 120612295 prime?
False
Is 1900786697 prime?
True
Is 1319683 composite?
True
Is 5674507 composite?
False
Is 560767 a prime number?
True
Is 793297 composite?
False
Is 14165633 a prime number?
True
Is 14927443 a prime number?
False
Is 3267067 a composite number?
False
Is 2029283 composite?
False
Is 1193539 a prime number?
False
Is 126819307 composite?
True
Is 481264301 a composite number?
True
Is 12155419 prime?
True
Is 599826859 composite?
False
Is 18777397 a prime number?
True
Is 15647503 a prime number?
True
Is 3525419 a prime number?
True
Is 84001349 a composite number?
True
Is 159530807 a prime number?
True
Is 7905149 composite?
True
Is 11653589 a composite number?
True
Is 4204519 a composite number?
True
Is 82745815 composite?
True
Is 8544379 a composite number?
False
Is 43009691 composite?
False
Is 5980393 prime?
True
Is 57161 prime?
False
Is 484549 a composite number?
True
Is 16648543 prime?
True
Is 679255183 prime?
True
Is 28489129 a prime number?
True
Is 352579 a prime number